actor of 1469 and 1046162?
13
Calculate the greatest common factor of 2980784 and 48.
16
Calculate the highest common factor of 7742 and 3214589.
553
What is the highest common factor of 4352 and 42161496?
136
Calculate the highest common divisor of 5473265 and 8417.
443
Calculate the highest common factor of 49800 and 11447360.
3320
What is the highest common factor of 426744456 and 1251?
417
Calculate the highest common factor of 790 and 1074404740.
790
Calculate the greatest common divisor of 2590 and 32688040.
70
Calculate the greatest common factor of 1012 and 13054294.
506
What is the greatest common factor of 1261 and 99489?
13
What is the highest common divisor of 3883 and 183141695?
3883
What is the highest common factor of 236593992 and 6112?
1528
Calculate the greatest common divisor of 45408 and 339543996.
5676
Calculate the highest common factor of 4249 and 929591971.
4249
What is the greatest common factor of 62421216 and 3432?
3432
What is the greatest common factor of 3712 and 9005440?
128
What is the highest common factor of 1271686 and 1336114?
1534
Calculate the greatest common divisor of 13 and 3387449.
13
Calculate the greatest common factor of 43260 and 4330.
10
Calculate the greatest common factor of 600 and 385179.
3
Calculate the highest common factor of 1186 and 28697642.
1186
What is the highest common divisor of 296228070 and 675?
135
What is the highest common factor of 932 and 756154434?
466
Calculate the greatest common factor of 925 and 75082657.
37
What is the highest common factor of 75795159 and 39160?
979
Calculate the greatest common divisor of 14335 and 6438855.
305
Calculate the greatest common divisor of 36090516 and 330.
66
Calculate the greatest common factor of 23814604 and 154.
22
What is the highest common factor of 176 and 271833584?
176
What is the greatest common factor of 127484 and 184004?
628
What is the greatest common factor of 584010 and 554449?
721
What is the greatest common divisor of 1 and 153866993?
1
Calculate the greatest common factor of 1770985 and 60975.
1355
Calculate the greatest common factor of 52623534 and 3621.
51
Calculate the highest common factor of 5420 and 18708485.
1355
Calculate the highest common factor of 6697647 and 1089.
99
What is the highest common factor of 2685366 and 486?
54
What is the highest common divisor of 26045422 and 377?
377
What is the greatest common divisor of 1015570 and 4705?
5
Calculate the greatest common divisor of 26056586 and 1010.
202
Calculate the greatest common factor of 37422 and 18326.
154
What is the greatest common factor of 151799046 and 42?
42
What is the highest common factor of 1247884869 and 59?
59
What is the greatest common factor of 3955149 and 231?
33
Calculate the highest common factor of 112496 and 33104.
16
Calculate the highest common divisor of 18 and 367017894.
18
Calculate the highest common divisor of 11728120 and 606.
202
What is the greatest common divisor of 340 and 69259768?
68
Calculate the highest common divisor of 342349348 and 121.
11
Calculate the greatest common divisor of 325 and 7371225.
25
Calculate the greatest common factor of 128286720 and 144.
144
Calculate the greatest common divisor of 216 and 527985.
27
Calculate the greatest common divisor of 870 and 126004130.
290
Calculate the highest common factor of 15496640 and 45975.
3065
Calculate the highest common divisor of 9540 and 33036.
12
Calculate the greatest common divisor of 27312 and 153192.
24
Calculate the greatest common divisor of 12 and 3419628.
12
What is the greatest common factor of 36404928 and 32?
32
What is the greatest common divisor of 13065801 and 567?
21
What is the greatest common divisor of 811819802 and 68?
34
Calculate the highest common divisor of 525334 and 102.
34
Calculate the highest common factor of 6892254 and 114.
6
Calculate the greatest common divisor of 887706 and 7857.
27
What is the highest common factor of 15906583 and 308?
77
Calculate the highest common factor of 30 and 19848350.
10
Calculate the greatest common factor of 258470774 and 356.
178
Calculate the greatest common factor of 14543622 and 300201.
2481
Calculate the highest common divisor of 1534754 and 676.
26
What is the greatest common divisor of 197125 and 67450?
475
What is the greatest common divisor of 12874 and 327973?
157
Calculate the greatest common factor of 14700 and 9764475.
3675
Calculate the greatest common factor of 23059432 and 2156.
44
What is the greatest common factor of 240486300 and 90?
90
What is the greatest common factor of 3098 and 1112247058?
3098
What is the greatest common factor of 470 and 20588760?
10
What is the greatest common factor of 11813760 and 4620?
420
Calculate the greatest common factor of 97443 and 6057.
9
Calculate the highest common divisor of 26779 and 2054480.
61
Calculate the highest common factor of 8 and 1097114344.
8
Calculate the highest common factor of 80790 and 6200.
10
Calculate the greatest common divisor of 2781 and 88234023.
309
What is the greatest common factor of 24844575 and 25?
25
Calculate the greatest common factor of 286441 and 5141.
97
What is the greatest common factor of 44522825 and 1150?
575
What is the greatest common factor of 14 and 1224145237?
7
What is the greatest common factor of 1031 and 53213003?
1031
What is the highest common factor of 115938 and 78535?
113
Calculate the greatest common divisor of 1619037 and 27342.
1953
Calculate the greatest common divisor of 43 and 2830862.
43
What is the highest common factor of 86723097 and 177?
177
Calculate the greatest common divisor of 7475138551 and 3343.
3343
What is the highest common divisor of 235949562 and 4522?
646
Calculate the highest common factor of 137139252 and 12.
12
What is the greatest common factor of 370981745 and 13490?
6745
What is the greatest common divisor of 32664671 and 17719?
611
What is the highest common divisor of 18847597 and 22692?
1891
Calculate the greatest common factor of 5793 and 44550101.
1931
Calculate the highest common divisor of 1232 and 15348872.
616
What is the highest common divisor of 127075353 and 444?
111
Calculate the highest common factor of 40 and 5250390.
10
What is the highest common factor of 2117763 and 7173?
9
Calculate the greatest common factor of 105 and 60549.
3
What is the highest common factor of 621 and 7075377?
27
What is the highest common divisor of 28116273 and 708?
177
What is the highest common divisor of 90 and 27665070?
30
What is the highest common factor of 72 and 115704?
72
Calculate the highest common factor of 7353444 and 84.
84
What is the greatest common divisor of 11466 and 2082314?
26
Calculate the greatest common factor of 15371944 and 212792.
536
Calculate the greatest common divisor of 669240 and 232440.
1560
What is the greatest common divisor of 233262 and 17118?
18
Calculate the highest common factor of 3691450 and 954.
106
Calculate the greatest common divisor of 314 and 459901042.
314
What is the greatest common factor of 440 and 499136?
88
What is the greatest common divisor of 2333765 and 70?
35
Calculate the greatest common divisor of 694 and 8794.
2
What is the greatest common divisor of 11549732 and 16864?
2108
What is the greatest common divisor of 16849 and 3257541?
203
What is the greatest common factor of 256 and 150163712?
256
What is the greatest common divisor of 1635 and 570851748?
327
Calculate the greatest common divisor of 335962 and 2222.
22
What is the greatest common factor of 45908 and 1212071?
499
Calculate the highest common divisor of 1787775 and 1452.
363
What is the greatest common factor of 112 and 3534160?
112
What is the highest common divisor of 460 and 1170608?
92
What is the greatest common factor of 106499 and 3888161?
379
Calculate the highest common divisor of 14529962 and 1602.
178
What is the highest common factor of 17685 and 11233905?
1965
Calculate the highest common divisor of 272467 and 2782.
13
What is the highest common factor of 120676329 and 36?
9
Calculate the highest common divisor of 84 and 8963038.
14
Calculate the greatest common divisor of 2653965671 and 413.
413
What is the greatest common factor of 6246 and 94662?
18
Calculate the highest common factor of 34420 and 255820.
20
Calculate